--
-- Host: ezagrodamtapi.mysql.db    Database: ezagrodamtapi
-- ------------------------------------------------------


--
-- Table structure for table `abouts`
--

CREATE TABLE `abouts` (
  `id` int(10) unsigned NOT NULL AUTO_INCREMENT,
  `headText` varchar(255) COLLATE utf8_unicode_ci NOT NULL,
  `title` varchar(255) COLLATE utf8_unicode_ci DEFAULT NULL,
  `text` text COLLATE utf8_unicode_ci NOT NULL,
  `mediaId` int(10) unsigned NOT NULL,
  PRIMARY KEY (`id`),
  KEY `abouts_mediaid_index` (`mediaId`),
  CONSTRAINT `abouts_mediaid_foreign` FOREIGN KEY (`mediaId`) REFERENCES `media` (`id`)
) ENGINE=InnoDB AUTO_INCREMENT=2 DEFAULT CHARSET=utf8 COLLATE=utf8_unicode_ci;

--
-- Dumping data for table `abouts`
--

INSERT INTO `abouts` (`id`, `headText`, `title`, `text`, `mediaId`) VALUES (1,'Firma P.H.P.U. Zagroda sp. z o.o. działa na terenie Strzyżowa od 2003 roku.',NULL,'Znając i rozumiejąc zasady prawidłowej gospodarki odpadami, zwracamy szczególną uwagę na ich selektywną zbiórkę, z której wynikają wymierne korzyści ekonomiczne. Proponowane przez nas rozwiązania dotyczące selektywnej zbiórki odpadów „u źródła” pozwalają nie tylko chronić środowisko naturalne, ale, poprzez zmniejszenie ilości odpadów wywożonych na wysypisko.',7);

--
-- Table structure for table `files`
--

CREATE TABLE `files` (
  `id` int(10) unsigned NOT NULL AUTO_INCREMENT,
  `name` varchar(255) COLLATE utf8_unicode_ci NOT NULL,
  `filename` varchar(255) COLLATE utf8_unicode_ci NOT NULL,
  `original_filename` text COLLATE utf8_unicode_ci NOT NULL,
  `created_at` timestamp NULL DEFAULT NULL,
  `updated_at` timestamp NULL DEFAULT NULL,
  PRIMARY KEY (`id`)
) ENGINE=InnoDB AUTO_INCREMENT=2 DEFAULT CHARSET=utf8 COLLATE=utf8_unicode_ci;

--
-- Dumping data for table `files`
--

INSERT INTO `files` (`id`, `name`, `filename`, `original_filename`, `created_at`, `updated_at`) VALUES (1,'Odpady','php8O3TuD.pdf','ZBIÃRKA ODPADÃW WIELKOGABARYTOWYCH.pdf','2019-08-03 16:39:17','2019-08-03 16:39:17');

--
-- Table structure for table `grids`
--

CREATE TABLE `grids` (
  `id` int(10) unsigned NOT NULL AUTO_INCREMENT,
  `headText` varchar(255) COLLATE utf8_unicode_ci NOT NULL,
  `subText` text COLLATE utf8_unicode_ci,
  `type` varchar(255) COLLATE utf8_unicode_ci NOT NULL,
  `icon` varchar(255) COLLATE utf8_unicode_ci NOT NULL,
  PRIMARY KEY (`id`)
) ENGINE=InnoDB AUTO_INCREMENT=4 DEFAULT CHARSET=utf8 COLLATE=utf8_unicode_ci;

--
-- Dumping data for table `grids`
--

INSERT INTO `grids` (`id`, `headText`, `subText`, `type`, `icon`) VALUES (1,'ZAGRODA Sp. z o.o.','ul. 1-go Maja 38b Strzyżów','stopka','location_on'),(2,'Kontakt E-mail:','zagroda3@o2.pl','stopka','mail'),(3,'Telefon:','17276-16-64  <br /> 501-642-587  <br /> 505-189-883 ','stopka','local_phone');

--
-- Table structure for table `infos`
--

CREATE TABLE `infos` (
  `id` int(10) unsigned NOT NULL AUTO_INCREMENT,
  `title` varchar(255) COLLATE utf8_unicode_ci NOT NULL,
  `text` text COLLATE utf8_unicode_ci NOT NULL,
  PRIMARY KEY (`id`)
) ENGINE=InnoDB AUTO_INCREMENT=4 DEFAULT CHARSET=utf8 COLLATE=utf8_unicode_ci;

--
-- Dumping data for table `infos`
--

INSERT INTO `infos` (`id`, `title`, `text`) VALUES (1,'Android','Tekst 1'),(2,'Android','Tekst 2'),(3,'Android','Tekst 3');

--
-- Table structure for table `maps`
--

CREATE TABLE `maps` (
  `id` bigint(20) unsigned NOT NULL AUTO_INCREMENT,
  `title` varchar(255) COLLATE utf8_unicode_ci NOT NULL,
  `map` text COLLATE utf8_unicode_ci NOT NULL,
  PRIMARY KEY (`id`)
) ENGINE=InnoDB AUTO_INCREMENT=2 DEFAULT CHARSET=utf8 COLLATE=utf8_unicode_ci;

--
-- Dumping data for table `maps`
--

INSERT INTO `maps` (`id`, `title`, `map`) VALUES (1,'JAK DO NAS TRAFIĆ','<iframe src=\"https://www.google.com/maps/embed?pb=!1m18!1m12!1m3!1d2571.753824432346!2d21.76669441571029!3d49.86586877939896!2m3!1f0!2f0!3f0!3m2!1i1024!2i768!4f13.1!3m3!1m2!1s0x473c540cf53e17bd%3A0x787db2ca0cde28eb!2sP.H.P.U.+ZAGRODA+Sp.+z+o.o.!5e0!3m2!1spl!2spl!4v1560180052116!5m2!1spl!2spl\" width=\"600\" height=\"450\" frameborder=\"0\" style=\"border:0\" allowfullscreen></iframe>');

--
-- Table structure for table `media`
--

CREATE TABLE `media` (
  `id` int(10) unsigned NOT NULL AUTO_INCREMENT,
  `filename` varchar(255) COLLATE utf8_unicode_ci DEFAULT NULL,
  `mime` varchar(255) COLLATE utf8_unicode_ci DEFAULT NULL,
  `original_filename` varchar(255) COLLATE utf8_unicode_ci DEFAULT NULL,
  `user_id` int(10) unsigned NOT NULL,
  `created_at` timestamp NULL DEFAULT NULL,
  `updated_at` timestamp NULL DEFAULT NULL,
  PRIMARY KEY (`id`),
  KEY `media_user_id_index` (`user_id`),
  CONSTRAINT `media_user_id_foreign` FOREIGN KEY (`user_id`) REFERENCES `users` (`id`)
) ENGINE=InnoDB AUTO_INCREMENT=18 DEFAULT CHARSET=utf8 COLLATE=utf8_unicode_ci;

--
-- Dumping data for table `media`
--

INSERT INTO `media` (`id`, `filename`, `mime`, `original_filename`, `user_id`, `created_at`, `updated_at`) VALUES (1,'phpaXR6lN.jpg','image/jpeg','test.jpg',1,'1978-12-23 10:31:10','2002-05-05 07:02:37'),(3,'phpf9xCwF.jpg','image/jpeg','garbage-17541_1280.jpg',1,'2019-08-06 07:23:52','2019-08-06 07:23:52'),(4,'phppA1woD.jpg','image/jpeg','street-cleaning-188997_640.jpg',1,'2019-08-06 07:24:19','2019-08-08 16:25:50'),(5,'phpSNe0Mb.jpg','image/jpeg','men-827301_1280.jpg',1,'2019-08-06 07:24:35','2019-08-06 07:24:35'),(6,'phpXCUhS3.jpg','image/jpeg','tractor-1998290_1280.jpg',1,'2019-08-06 07:25:01','2019-08-06 07:25:01'),(7,'phpV4axNc.jpg','image/jpeg','skyscrapers-1081737_640.jpg',1,'2019-08-06 07:25:18','2019-08-06 07:25:18'),(8,'php9r9kd0.jpg','image/jpeg','calendar-1990453_1280.jpg',1,'2019-08-06 07:26:13','2019-08-06 07:26:13'),(9,'phpwgYN21.jpg','image/jpeg','business-3167295_1280.jpg',1,'2019-08-06 07:30:52','2019-08-06 07:30:52'),(10,'phpRxw9nq.jpg','image/jpeg','snow-3119721_640.jpg',1,'2019-08-06 07:32:54','2019-08-06 07:32:54'),(11,'phpev6dqk.jpg','image/jpeg','alps-4354164_1280.jpg',1,'2019-08-08 05:34:03','2019-08-08 05:34:03'),(12,'phpfVjIO9.jpg','image/jpeg','chicago-2699480_1280.jpg',1,'2019-08-08 05:36:00','2019-08-08 05:36:00'),(13,'phpLbGRnI.jpg','image/jpeg','l-plyta-drogowa-300x150x15-strzyzow.jpg',1,'2019-08-08 16:11:21','2019-08-08 16:11:21'),(14,'phpRQdx7w.jpg','image/jpeg','20130417_183941-300x225.jpg',1,'2019-08-08 16:11:42','2019-08-08 16:11:42'),(15,'phppLIHhp.jpg','image/jpeg','l-plyty-drogowe-150x100x10-strzyzow.jpg',1,'2019-08-08 16:11:48','2019-08-08 16:11:48'),(16,'php8FUqYJ.jpg','image/jpeg','odsniezanie-parkingow-strzyzow-zdjecie0-300x225.jpg',1,'2019-08-08 16:12:51','2019-08-08 16:12:51'),(17,'phpc58sEr.jpg','image/jpeg','odsniezanie-parkingow-strzyzow.jpg',1,'2019-08-08 16:16:04','2019-08-08 16:16:04');

--
-- Table structure for table `menus`
--

CREATE TABLE `menus` (
  `id` int(10) unsigned NOT NULL AUTO_INCREMENT,
  `title` varchar(255) COLLATE utf8_unicode_ci NOT NULL,
  `text` text COLLATE utf8_unicode_ci NOT NULL,
  `push` varchar(255) COLLATE utf8_unicode_ci NOT NULL,
  `mediaId` int(11) NOT NULL,
  PRIMARY KEY (`id`)
) ENGINE=InnoDB AUTO_INCREMENT=4 DEFAULT CHARSET=utf8 COLLATE=utf8_unicode_ci;

--
-- Dumping data for table `menus`
--

INSERT INTO `menus` (`id`, `title`, `text`, `push`, `mediaId`) VALUES (1,'Sortownia','   ','/sortownia',4),(2,'Płyty Drogowe',' ','/plyty-drogowe',5),(3,'Odśnieżanie',' ','/odsniezanie',6);

--
-- Table structure for table `migrations`
--

CREATE TABLE `migrations` (
  `id` int(10) unsigned NOT NULL AUTO_INCREMENT,
  `migration` varchar(255) COLLATE utf8_unicode_ci NOT NULL,
  `batch` int(11) NOT NULL,
  PRIMARY KEY (`id`)
) ENGINE=InnoDB AUTO_INCREMENT=13 DEFAULT CHARSET=utf8 COLLATE=utf8_unicode_ci;

--
-- Dumping data for table `migrations`
--

INSERT INTO `migrations` (`id`, `migration`, `batch`) VALUES (1,'2014_10_12_000000_create_users_table',1),(2,'2014_10_12_100000_create_password_resets_table',1),(3,'2019_01_25_145904_create_media_table',1),(4,'2019_05_10_161348_slider',1),(5,'2019_06_04_193713_Info',1),(6,'2019_06_04_213734_grid',1),(7,'2019_06_08_081907_menu',1),(8,'2019_06_08_084631_about',1),(9,'2019_06_08_160248_page',1),(10,'2019_06_10_092830_create_table_file',1),(11,'2019_06_10_170217_create_table_map',1),(12,'2019_07_03_130231_statistic',1);

--
-- Table structure for table `pages`
--

CREATE TABLE `pages` (
  `id` int(10) unsigned NOT NULL AUTO_INCREMENT,
  `name` varchar(255) COLLATE utf8_unicode_ci NOT NULL,
  `text` longtext COLLATE utf8_unicode_ci NOT NULL,
  `type` varchar(255) COLLATE utf8_unicode_ci NOT NULL,
  PRIMARY KEY (`id`)
) ENGINE=InnoDB AUTO_INCREMENT=5 DEFAULT CHARSET=utf8 COLLATE=utf8_unicode_ci;

--
-- Dumping data for table `pages`
--

INSERT INTO `pages` (`id`, `name`, `text`, `type`) VALUES (1,'Sortownia','<h1 class=\"ql-align-center\"><strong>Posiadamy własne sortownie odpadów.</strong></h1><p class=\"ql-align-center\"><br></p><p class=\"ql-align-center\">Prowadzone przez nas sortownie odpadów komunalnych przerabiają około 12000 ton odpadów rocznie, z których odzyskujemy około 60-70 %. </p><p class=\"ql-align-center\">Dysponujemy również sortownią tworzyw sztucznych, dzięki której mamy możliwość</p><p class=\"ql-align-center\"> rozsortowania około 3500 ton rocznie, odzyskując 90% (z sortowni tej żadne odpady nie trafiają na składowisko).</p><p class=\"ql-align-center\">Ponadto posiadamy sortownię szkła, w której odzyskujemy 3000 ton stłuczki szklanej na rok.</p><p class=\"ql-align-center\">Surowce które odzyskujemy przy segregacji:</p><p><br></p><ul><li class=\"ql-align-center\">Folia LDPE</li><li class=\"ql-align-center\">Folia HDPE</li><li class=\"ql-align-center\">złom kolorowy</li><li class=\"ql-align-center\">złom elektroniczny</li><li class=\"ql-align-center\">złom aluminiowy</li><li class=\"ql-align-center\">złom stalowy</li><li class=\"ql-align-center\">szkło opakowaniowe</li><li class=\"ql-align-center\">makulaturę, Tetra Pak</li><li class=\"ql-align-center\">tworzywa sztuczne ( PET , HDPE , PP , PE )</li></ul><p><br></p>','sortownia'),(2,'Płyty Drogowe','<p class=\"ql-align-center\">Posiadamy żelbetowe płyty drogowe. Proponowane przez nas produkty mają zastosowanie </p><p class=\"ql-align-center\">przy budowie prowizorycznych dróg dla pojazdów</p><p class=\"ql-align-center\"> mechanicznych zarówno na wielkich, jak i średnich budowach.</p><p class=\"ql-align-center\">Płyty są wykorzystywane do budowy nawierzchni na placach składowych. </p><p class=\"ql-align-center\">Zbrojone są podwójnymi siatkami oraz zalewane betonem klasy B25.</p><p class=\"ql-align-center\"><br></p><p class=\"ql-align-center\"><br></p><p class=\"ql-align-center\"><img src=\"https://api.e-zagroda.pl/uploads/phpLbGRnI.jpg\"></p><p class=\"ql-align-center\"><br></p><p class=\"ql-align-center\"><img src=\"https://api.e-zagroda.pl/uploads/phpRQdx7w.jpg\"></p><p class=\"ql-align-center\"><br></p><p class=\"ql-align-center\"><strong>W naszej ofercie znajdują się płyty drogowe o wymiarach</strong></p><p class=\"ql-align-center\"><strong>300 x 150 x 18</strong></p><p class=\"ql-align-center\"><strong>300 x 150 x 15</strong></p><h4 class=\"ql-align-center\"><strong>150 x 100 x 10&nbsp;są to&nbsp;</strong>małe płyty proste w układaniu</h4><p class=\"ql-align-center\"><br></p><p class=\"ql-align-center\"><br></p><p class=\"ql-align-center\"><img src=\"https://api.e-zagroda.pl/uploads/phppLIHhp.jpg\"></p><p class=\"ql-align-center\"><br></p><p class=\"ql-align-center\"><br></p>','plytydrogowe'),(3,'Odśnieżanie','<h1 class=\"ql-align-center\"><strong style=\"color: rgb(0, 0, 128);\">Kiedy inni jeszcze śpią my jesteśmy już&nbsp;w akcji</strong></h1><p class=\"ql-align-center\"><br></p><p class=\"ql-align-center\"><img src=\"https://api.e-zagroda.pl/uploads/php8FUqYJ.jpg\"></p><p class=\"ql-align-center\"><br></p><p class=\"ql-align-center\"><br></p><h3 class=\"ql-align-center\"><strong>Oferujemy szeroki zakres usług:</strong></h3><p class=\"ql-align-center\"><br></p><ul><li class=\"ql-align-center\">odśnieżanie chodników</li><li class=\"ql-align-center\">odśnieżanie parkingów</li><li class=\"ql-align-center\">odśnieżanie dachów</li><li class=\"ql-align-center\">odśnieżanie dróg dojazdowych</li><li class=\"ql-align-center\">wywóz zalegającego śniegu</li><li class=\"ql-align-center\">odśnieżanie osiedli</li><li class=\"ql-align-center\">posypywanie solą</li><li class=\"ql-align-center\">usuwanie sopli		</li></ul><p class=\"ql-align-center\"><br></p><h3 class=\"ql-align-center\">Jeśli chcesz :</h3><p class=\"ql-align-center\"><br></p><ul><li class=\"ql-align-center\">mieć odśnieżoną ścieżkę</li><li class=\"ql-align-center\">wyjechać spokojnie z garażu</li><li class=\"ql-align-center\">zdążyć na czas</li><li class=\"ql-align-center\">nie ślizgać się na swojej posesji</li></ul><p class=\"ql-align-center\"><br></p><p class=\"ql-align-center\"><strong>My pomagamy:</strong></p><p class=\"ql-align-center\"><br></p><ul><li class=\"ql-align-center\">utrzymać porządek na chodnikach </li><li class=\"ql-align-center\">odśnieżać place parkingi</li><li class=\"ql-align-center\">dbać o bezpieczeństwo poruszania się</li></ul><p><br></p><h4 class=\"ql-align-center\">Zimą konieczne jest odśnieżanie dachów budynków, w celu uniknięcia zawalenia, zapobiegania wypadkom i zagrożenia ludzi i budynków.</h4><p class=\"ql-align-center\"><br></p><p class=\"ql-align-center\"><br></p><p class=\"ql-align-center\"><br></p><p class=\"ql-align-center\"><img src=\"https://api.e-zagroda.pl/uploads/phpc58sEr.jpg\"></p><p class=\"ql-align-center\"><br></p><h3 class=\"ql-align-center\">Regulamin Zimowego Odśnieżania stosowany przez P.H.P.U. </h3><h3 class=\"ql-align-center\">ZAGRODA&nbsp;Sp z .o .o. przy wykonaniu usługi odśnieżania</h3><p class=\"ql-align-center\"><br></p><p class=\"ql-align-center\"><br></p><p><br></p>','odsniezanie'),(4,'Polityka Prywatności','<h2 class=\"ql-align-center\">I Postanowienie Ogólne </h2><p><br></p><ul><li>Niniejsza Polityka Prywatności ma na celu zapewnienie poczucia bezpieczeństwa każdemu użytkownikowi Witryny. Korzystanie z Witryny jest równoznaczne z akceptacją warunków Polityki Prywatności.</li></ul><p><br></p><ul><li>Administratorem danych na potrzeby świadczenia usług jest Firmę  ZAGRODA Sp. z o.o. z siedzibą w Strzyżowie,  1-go Maja, 38B, 38-100 Strzyżów, NIP: 8191559477.</li></ul><p><br></p><ul><li>Na potrzeby lepszego odbioru Polityki Prywatności termin „Użytkownik” został zastąpiony określeniem „Ty”, „Administrator” – „My”. Termin „RODO” oznacza Rozporządzenie Parlamentu Europejskiego i Rady (UE) 2016/679 z dnia 27 kwietnia 2016 r. w sprawie ochrony osób fizycznych w związku z przetwarzaniem danych osobowych i w sprawie swobodnego przepływu takich danych oraz uchylenia dyrektywy 95/46/WE.</li></ul><p><br></p><ul><li>Administrator witryny zaleca korzystanie z najnowszego oprogramowania do przeglądania strony internetowej. W przypadku korzystania ze starszego oprogramowania Administrator nie gwarantuje poprawnego działania Witryny Internetowej.</li></ul><p><br></p><p><br></p><h2 class=\"ql-align-center\">II Administrator Danych </h2><p><br></p><ul><li>Usługodawca jest administratorem danych swoich klientów. Oznacza to, że jeśli korzystasz z formularza kontaktowego na naszej stronie, to przetwarzamy Twoje dane jak: adres e-mail, adres IP. Dane z formularza są przetwarzane w trackie wysłania wiadomości. </li></ul><p><br></p><ul><li>Każda osoba, której dane dotyczą (jeżeli jesteśmy ich administratorem) ma prawo dostępu do danych, sprostowania, usunięcia lub ograniczenia przetwarzania, prawo sprzeciwu, prawo wniesienia skargi do organu nadzorczego. </li></ul><p><br></p><ul><li>Kontakt z osobą nadzorującą przetwarzanie danych osobowych w organizacji Administratora jest możliwy drogą elektroniczną pod adresem e-mail: zagroda3@o2.pl</li></ul><p><br></p><h2 class=\"ql-align-center\"><span style=\"background-color: transparent;\">III Ochrona Danych Osobowych </span></h2><p><br></p><p><br></p><ul><li><span style=\"background-color: transparent;\">Ochrona danych odbywa się zgodnie z wymogami powszechnie obowiązujących przepisów prawa, a ich przechowywanie ma miejsce na zabezpieczonych serwerach. </span></li></ul><p><br></p><ul><li><span style=\"background-color: transparent;\">Dane osobowe podawane na Witrynie są traktowane jako poufne i nie są widoczne dla osób postronnych z wyjątkiem Administratora oraz uprawnionych osób po stronie Administratora.</span></li></ul><p><br></p><ul><li><span style=\"background-color: transparent;\">Administrator nie udostępniania danych osobowych innym podmiotom, aniżeli upoważnionym na podstawie właściwych przepisów prawa. </span></li></ul><p><br></p><ul><li><span style=\"background-color: transparent;\">Wdrożyliśmy szyfrowanie danych oraz mamy wprowadzoną kontrolę dostępu, która pozwala minimalizować skutki ewentualnego naruszenia bezpieczeństwa danych.</span></li></ul><p><br></p><ul><li><span style=\"background-color: transparent;\">Dane osobowe przetwarzają osoby wyłącznie upoważnione przez nas albo przetwarzający, z którymi ściśle współpracujemy. </span></li></ul><p><br></p><p><br></p><h2 class=\"ql-align-center\"><span style=\"background-color: transparent;\">IV Przetwarzanie cookies </span></h2><p class=\"ql-align-center\"><br></p><p><br></p><ul><li><span style=\"background-color: transparent;\">Witryna używa cookies. Są to niewielkie pliki tekstowe wysyłane przez serwer www i przechowywane przez oprogramowanie komputera przeglądarki. Kiedy przeglądarka ponownie połączy się ze stroną, Witryna rozpoznaje rodzaj urządzenia, z którego łączy się użytkownik. Parametry pozwalają na odczytanie informacji w nich zawartych jedynie serwerowi, który je utworzył. Cookies ułatwiają więc korzystanie z wcześniej odwiedzonych witryn. </span></li></ul><p><br></p><ul><li><span style=\"background-color: transparent;\">Gromadzone informacje dotyczą adresu IP, typu wykorzystywanej przeglądarki, języka, rodzaju systemu operacyjnego, dostawcy usług internetowych, informacji o czasie i dacie, lokalizacji oraz informacji przesyłanych do witryny za pośrednictwem formularza kontaktowego. Cookies pomagają udoskonalać funkcjonalność witryny i dostosować go lepiej do oczekiwań i potrzeb osób odwiedzających. </span></li></ul><p><br></p><ul><li><span style=\"background-color: transparent;\">Każda osoba przeglądająca stronę </span>zagroda-strzyzow.pl <span style=\"background-color: transparent;\">powinna poprzez modyfikację ustawień swojej przeglądarki internetowej zarządzać cookies. Jeżeli nie chcesz z nich korzystać, możesz uniemożliwić zapisywanie cookies na swoim urządzeniu bądź zapisane pliki trwale usunąć. Informujemy, że może to jednak wpłynąć na pogorszenie jakości działania Witryny przez brak zbierania cookies i odczytywania na ich podstawie informacji. </span></li></ul><p><span style=\"background-color: transparent;\"> </span></p><p><span style=\"background-color: transparent;\"> </span></p><p class=\"ql-indent-1\"><strong style=\"background-color: transparent;\"><u>Na naszej stronie wykorzystujemy pliki cookies: </u></strong></p><p><br></p><p class=\"ql-indent-2\"><span style=\"background-color: transparent;\">a. „niezbędne” pliki cookies, umożliwiające korzystanie z usług dostępnych w ramach serwisu, np. uwierzytelniające pliki cookies wykorzystywane do usług wymagających uwierzytelniania w ramach serwisu </span></p><p class=\"ql-indent-2\"><span style=\"background-color: transparent;\"> </span></p><p class=\"ql-indent-2\"><span style=\"background-color: transparent;\">b. pliki cookies służące do zapewnienia bezpieczeństwa, np. wykorzystywane do wykrywania nadużyć w zakresie uwierzytelniania w ramach serwisu </span></p><p class=\"ql-indent-2\"><span style=\"background-color: transparent;\"> </span></p><p class=\"ql-indent-2\"><span style=\"background-color: transparent;\">c. „wydajnościowe” pliki cookies, umożliwiające zbieranie informacji o sposobie korzystania ze stron internetowych serwisu </span></p><p class=\"ql-indent-2\"><span style=\"background-color: transparent;\"> </span></p><p class=\"ql-indent-2\"><span style=\"background-color: transparent;\">d. „funkcjonalne” pliki cookies, umożliwiające „zapamiętanie” wybranych przez użytkownika ustawień i personalizację interfejsu użytkownika, np. w zakresie wybranego języka lub regionu, z którego pochodzi użytkownik, rozmiaru czcionki, wyglądu strony internetowej itp. </span></p>','politykaprywatnosci');

--
-- Table structure for table `sliders`
--

CREATE TABLE `sliders` (
  `id` int(10) unsigned NOT NULL AUTO_INCREMENT,
  `title` varchar(255) COLLATE utf8_unicode_ci DEFAULT NULL,
  `text` text COLLATE utf8_unicode_ci,
  `type` varchar(255) COLLATE utf8_unicode_ci NOT NULL,
  `mediaId` int(10) unsigned NOT NULL,
  PRIMARY KEY (`id`),
  KEY `sliders_mediaid_index` (`mediaId`),
  CONSTRAINT `sliders_mediaid_foreign` FOREIGN KEY (`mediaId`) REFERENCES `media` (`id`)
) ENGINE=InnoDB AUTO_INCREMENT=8 DEFAULT CHARSET=utf8 COLLATE=utf8_unicode_ci;

--
-- Dumping data for table `sliders`
--

INSERT INTO `sliders` (`id`, `title`, `text`, `type`, `mediaId`) VALUES (1,'Zagroda sp. z o.o',NULL,'home',3),(2,'Tworzenie stron internetowych','<p>Telefon Stacjonarny: 17-276-16-64</p><p>Telefon Komórkowy: 501-642-587</p><p>Telefon Komórkowy: 505-189-883 </p><p>E-mail:zagroda3@o2.pl</p>','contact',12),(3,'Harmonogramy','Nowocześnie, szybko i w rozsądnej cenie','harmonogramy',8),(4,'Zamów Usługę',NULL,'zamowusluge',9),(5,'Odśnieżanie',NULL,'odsniezanie',10),(6,'Płyty Drogowe',NULL,'plytyDrogowe',5),(7,'Sortownia',NULL,'sortownia',4);

--
-- Table structure for table `statistics`
--

CREATE TABLE `statistics` (
  `id` bigint(20) unsigned NOT NULL AUTO_INCREMENT,
  `date` varchar(255) COLLATE utf8_unicode_ci NOT NULL,
  `Opera` int(11) DEFAULT NULL,
  `Firefox` int(11) DEFAULT NULL,
  `Safari` int(11) DEFAULT NULL,
  `Edge` int(11) DEFAULT NULL,
  `Chrome` int(11) DEFAULT NULL,
  `Inna` int(11) DEFAULT NULL,
  `Mobile` int(11) DEFAULT NULL,
  PRIMARY KEY (`id`)
) ENGINE=InnoDB AUTO_INCREMENT=5 DEFAULT CHARSET=utf8 COLLATE=utf8_unicode_ci;

--
-- Dumping data for table `statistics`
--

INSERT INTO `statistics` (`id`, `date`, `Opera`, `Firefox`, `Safari`, `Edge`, `Chrome`, `Inna`, `Mobile`) VALUES (1,'2019-08-04',0,0,0,0,0,0,1),(2,'2019-08-06',0,3,0,0,0,0,1),(3,'2019-08-07',0,4,0,1,0,0,1),(4,'2019-08-08',0,3,0,0,0,0,1);

--
-- Dumping events for database 'ezagrodamtapi'
--

--
-- Dumping routines for database 'ezagrodamtapi'
--


